 s be x(-7). Suppose s = -7*n + 4*n + y + 58, 79 = 4*n - 3*y. Calculate the remainder when 54 is divided by n.
16
Let k = -465 + 572. What is the remainder when k is divided by 36?
35
Let l = 27 + 3. What is the remainder when 88 is divided by l?
28
Suppose 4*c + 4 = -0. Suppose 7*k + 43 + 6 = 0. Calculate the remainder when (17/c)/(6 + k) is divided by 6.
5
Suppose 12 = -6*t, 0 = 2*r - t - t - 34. Suppose 0 = 3*b + 4 - 22. Calculate the remainder when r is divided by b.
3
Suppose 0 = -7*i + 1629 + 3145. Calculate the remainder when i is divided by 114.
112
Let c = 17 - 17. Suppose 3*i - 21 = q + 33, 2*i - 5*q - 23 = c. Calculate the remainder when 71 is divided by i.
14
Let v(h) be the first derivative of h**3/3 + 6*h**2 + 13*h + 8. Calculate the remainder when v(-12) is divided by 7.
6
Let x = 7 - 2. Suppose -x*f - 5*n + 330 = 0, 6*n = 2*n + 4. What is the remainder when f is divided by 22?
21
Let g(r) = r**3 + r**2 + r + 1. Let w(q) = q - 4. Let a be w(7). Suppose a*f + 7 = 2*k, -f = -11 + 6. What is the remainder when g(3) is divided by k?
7
Let s(c) = -56*c**3 - 3*c**2 - 10*c - 6. What is the remainder when s(-1) is divided by ((-62)/(-4))/(1/2)?
26
Let y = 615 - 547. Calculate the remainder when 269 is divided by y.
65
Let v(c) = -c**2 - 4*c + 1. Let s be v(-5). What is the remainder when 257 is divided by (-1)/s - (975/(-20) + -3)?
49
Suppose -6*i + 28 = 10. Suppose 0 = -5*h + i*s + 344, 0 = 5*h + 4*s - 222 - 101. Calculate the remainder when h is divided by 36.
31
Let v be -6*(-4)/8 - 5 - 68. Let k = v + 78. Calculate the remainder when 31 is divided by k.
7
Suppose -23*f - 164 = -27*f. Let g = 14 - -1. Calculate the remainder when f is divided by g.
11
Suppose -4*t + 100 = 4*k, -k + 13 = 13*t - 18*t. Calculate the remainder when 106 is divided by k.
14
Let d = -25 - -29. Suppose 0 = -4*h - i + 7, 3*h - 23 = d*i + 6. Suppose 2*t - 323 = -5*r, -h*t + 32 = 2*r - 95. What is the remainder when r is divided by 22?
21
Let l = 337 - 124. What is the remainder when l is divided by 2*1*(-8)/(16/(-31))?
27
Let v(t) = t**3 - 5*t**2 - 6*t + 6. Let x be v(6). Let g(i) = -5 - i**3 - x*i + 0*i**3 - 1 + 3*i**2 + 13*i. What is the remainder when 15 is divided by g(4)?
3
Suppose 6*b + 0 - 6 = 0. What is the remainder when (-1 - -3) + 0 + 13 is divided by (1 + -2)*(-12 + b + 2)?
6
Let c be 2/8 + (-14)/(-8). Let f = -31 - -40. What is the remainder when f is divided by 2 + (-3)/((-3)/c)?
1
Let i(b) = 3*b + 107. What is the remainder when 273 is divided by i(-31)?
7
Let g(p) = 72*p + 1. Let b be 12/16 - 3/(-12). Let d(y) = y**3 - 5*y**2 - 13*y + 12. Calculate the remainder when g(b) is divided by d(7).
16
Suppose 5*a - 255 = -4*p - 98, -2 = -2*a. Let s = p + 12. Suppose 3*z - s = -2*z. Calculate the remainder when 19 is divided by z.
9
Let d be 4*(-1)/(-2)*-1. Let x be 323 - (d/1)/(-2). What is the remainder when x/84*12/2 is divided by 6?
5
Let z(f) = -7*f + 14. Let v be z(-10). Suppose -v = -n - 29. What is the remainder when n is divided by 28?
27
Let k be 20/(-8)*(-4)/10. Let f be (-8)/(-4) - (k + 61). What is the remainder when (22/(-6))/(4/f) is divided by 19?
17
Suppose s + 276 = 4*p, 10*s - 6*s = -5*p + 366. Calculate the remainder when 90 is divided by p.
20
Suppose 0 = 2*l + 25 - 89. Suppose 810 = 17*a - 193. What is the remainder when a is divided by l?
27
Suppose -f + 195 = -3*n, 2*f - 46 - 80 = 2*n. Let u = n + 178. Suppose -m - u = -2*h, -5*h + 0*m + 280 = 2*m. What is the remainder when h is divided by 19?
18
Suppose 3*d - 969 = 3*s - 2*s, -2*d = -3*s - 646. Calculate the remainder when d is divided by 82.
77
Let d(c) = 3*c**3 + 17*c**2 + 4*c - 2. Suppose 10*y = 12*y + 10. Calculate the remainder when 107 is divided by d(y).
23
Suppose 0 = 5*i + 5*p - 55, -38 + 4 = -5*i + 2*p. Suppose 5*z = 3*l - 32, 3*l - 21 = 3*z + 3. What is the remainder when 91/l - (-8)/32 is divided by i?
7
Suppose 25*x - 346 = 404. What is the remainder when x is divided by 12?
6
Calculate the remainder when 128 is divided by (-18)/10*-16 + (-12)/(-60).
12
Let c = 11 - 21. Let t be (-2)/(-4)*(c - -10). Suppose m - 35 = -5*s, t = 2*m - 4*s + 5*s - 25. Calculate the remainder when 39 is divided by m.
9
Suppose -2*s - 3*s - 60 = 0. Let d = -11 + s. Let u = 31 + d. What is the remainder when 31 is divided by u?
7
What is the remainder when -4 + 4 + (-25)/15*-3 is divided by 2?
1
Let y = 0 - 17. Suppose 0 = a + 2 + 8. Let b = a - y. What is the remainder when 26 is divided by b?
5
Suppose -3*i + 5*s + 13 = 0, i - 4*i = 2*s + 22. Suppose 5*r - 297 = 93. What is the remainder when r is divided by (1 + -21)*3/(i - -1)?
18
Let u = -492 + 506. Calculate the remainder when 95 is divided by u.
11
Let w(z) = 23*z**2 - 2. Suppose 0 = 4*y + 5*v - v - 24, -2*y - 3*v + 17 = 0. Calculate the remainder when 39 is divided by w(y).
18
Suppose 3*f + 5*v = 41 + 119, 2*f - 4*v = 114. What is the remainder when 268 is divided by f?
48
Suppose -6*v - 221 = -k - 4*v, k = -3*v + 196. Calculate the remainder when k is divided by 53.
52
Suppose 0 = -3*p - 8 + 32. Suppose 42*d - 325 = -23*d. Calculate the remainder when p is divided by d.
3
Let d be 6/(-9) - (-22)/6. Suppose 2*y - d*y = 0. Suppose y*l + 3*l - 57 = 0. Calculate the remainder when l is divided by 5.
4
Suppose 0*o + 4 = o. What is the remainder when 16 is divided by (-1 - 1)*3*(-2)/o?
1
Let d(o) = -o - 6. Let n be d(-3). Let r be -1*(-2 - n)*1. What is the remainder when 1390/20 + r/2 is divided by 18?
15
Suppose 0 = -13*z + 355 - 43. Let c = z - -3. What is the remainder when c is divided by 7?
6
Let d(x) = x - 2. Let i be d(4). Suppose i*t + 5*h = 16, -4*h + 14 = 4*t - 6. Suppose -t*g + 4*g - 28 = 0. Calculate the remainder when g is divided by 10.
8
Suppose 4*l + 78 = 5*a, a + l = -4*l + 4. Suppose -a*u = -8*u - 54. Calculate the remainder when 52 is divided by u.
7
Suppose -3*s = -0*s - 3*x, -5*x = -10. Let r(f) = 12*f**s - 3*f + 14*f**2 + f**3 + 12*f**2 - 39*f**2 + 1. Calculate the remainder when 145 is divided by r(4).
34
Let b = -725 + 1042. Calculate the remainder when b is divided by 108.
101
Suppose -3*c - 176 = -9*h + 5*h, -3*c = 3*h - 111. Calculate the remainder when 77 is divided by h.
36
Let o(y) = 2*y + 1. Suppose 12 = m + 5*n, 3*n - 4 = 3*m - 2*n. Let s(i) = 7*i**2 + 2*i + 3. What is the remainder when s(-1) is divided by o(m)?
3
Let u = -18 + 6. What is the remainder when (81/(-12))/3*u is divided by 5?
2
Let t(p) = 3*p - 9. Let s be t(6). Let b(g) = -2*g + 20. Let o be b(s). Suppose o*d - 59 = 19. Calculate the remainder when d is divided by 20.
19
Let l(x) = -x**3 - 8*x**2 - 11*x - 4. Let b be l(-8). Let j = b + -61. What is the remainder when 86 is divided by j?
17
Suppose -14*d + 160 - 20 = 0. Calculate the remainder when 60 is divided by d.
0
Suppose 5*s = -4*o + 83, 2*s - 20 = -2*o + 14. Let w(i) = i**2 + 7*i + 8. Let v be w(-5). What is the remainder when 48 is divided by (-5)/v*(-5 + s)?
23
Suppose -12*b - 185 = -17*b. Let v = 52 - b. What is the remainder when 74 is divided by v?
14
Let r(m) = 15*m - 12. Let f be r(4). Let y = f + -29. Calculate the remainder when 89 is divided by y.
13
Let g be (14 - -2)/(4/2). Let m = g - 5. Suppose 5*z + m*f - 28 - 28 = 0, -2*z - 4*f = -14. Calculate the remainder when z is divided by 7.
6
Let c = -3 + 3. What is the remainder when 37 is divided by (c - 76)/(-4)*1?
18
Suppose -f = -y + 44, -10*f - 173 = -4*y - 7*f. Calculate the remainder when 251 is divided by y.
5
Calculate the remainder when 44106/22 + 0 + 90/495 is divided by 118.
117
Suppose -a = a - 60. Let d be 3/(3/23)*1. Let p = d + -15. What is the remainder when a is divided by p?
6
Let j = -2 + 4. Suppose -4*b - 10 = 30. What is the remainder when (b/5)/(4/(-14)) is divided by j?
1
Suppose -f = 4*x - 4*f - 154, -70 = -2*x + 5*f. Let j(p) = -p + 3. Calculate the remainder when x is divided by j(-4).
5
What is the remainder when ((-221)/34)/((-4)/232) is divided by 27?
26
Suppose 34 = 2*p + 2*f, -6 + 17 = p - 2*f. What is the remainder when 23 is divided by p?
8
Let d(q) = -12 - 5*q - 18 + 46. Let v be d(5). Let r = 42 - v. Calculate the remainder when r is divided by 9.
6
Suppose -3*t + 286 = 130. Calculate the remainder when t is divided by 28.
24
Let v(i) be the first derivative of i**4/4 - 4*i**3 - 11*